 base 11?
-8
What is -126 (base 7) in base 9?
-76
-d7 (base 14) to base 3
-21000
Convert -413 (base 5) to base 16.
-6c
-23 (base 9) to base 4
-111
0 (base 11) to base 15
0
What is -2 (base 16) in base 4?
-2
-63 (base 13) to base 5
-311
What is 1 (base 9) in base 3?
1
Convert c (base 15) to base 16.
c
2 (base 10) to base 5
2
What is 45 (base 8) in base 2?
100101
7 (base 8) to base 10
7
Convert 1 (base 2) to base 8.
1
Convert -2 (base 6) to base 9.
-2
Convert -1020 (base 3) to base 8.
-41
Convert -104 (base 10) to base 9.
-125
What is -30 (base 6) in base 12?
-16
Convert 35 (base 12) to base 3.
1112
What is 16 (base 11) in base 14?
13
1011010 (base 2) to base 6
230
b (base 13) to base 4
23
Convert -9 (base 10) to base 15.
-9
-4 (base 16) to base 4
-10
1 (base 6) to base 5
1
1011000 (base 2) to base 7
154
What is 24 (base 7) in base 9?
20
Convert 0 (base 3) to base 5.
0
Convert -30 (base 9) to base 12.
-23
Convert 11 (base 2) to base 12.
3
-12 (base 9) to base 8
-13
Convert -6 (base 10) to base 9.
-6
Convert 8 (base 10) to base 9.
8
13 (base 7) to base 11
a
What is 0 (base 6) in base 11?
0
-10 (base 11) to base 9
-12
What is 24 (base 5) in base 11?
13
-10111 (base 2) to base 7
-32
-4 (base 7) to base 3
-11
What is 2 (base 9) in base 12?
2
What is 19 (base 10) in base 6?
31
Convert -4 (base 5) to base 16.
-4
-20 (base 10) to base 2
-10100
Convert 2b (base 13) to base 7.
52
12 (base 13) to base 10
15
-23 (base 6) to base 7
-21
What is 2 (base 7) in base 9?
2
-1 (base 7) to base 3
-1
-2 (base 14) to base 16
-2
Convert -30 (base 6) to base 13.
-15
-16 (base 8) to base 9
-15
What is 130 (base 4) in base 14?
20
-8 (base 16) to base 3
-22
Convert 6 (base 14) to base 15.
6
What is 1212 (base 4) in base 15?
6c
What is 0 (base 11) in base 15?
0
What is 4 (base 14) in base 16?
4
What is 31 (base 4) in base 15?
d
-1 (base 6) to base 13
-1
What is -6 (base 15) in base 8?
-6
What is 1001110 (base 2) in base 4?
1032
What is 131 (base 4) in base 9?
32
Convert -22 (base 15) to base 12.
-28
Convert 1032 (base 4) to base 6.
210
-52 (base 14) to base 13
-57
Convert -100 (base 2) to base 9.
-4
What is -114 (base 5) in base 11?
-31
What is 3 (base 9) in base 6?
3
22 (base 13) to base 4
130
What is 1 (base 14) in base 5?
1
What is -15 (base 11) in base 7?
-22
Convert -33 (base 5) to base 4.
-102
-21 (base 3) to base 15
-7
4 (base 8) to base 2
100
Convert -51 (base 7) to base 3.
-1100
Convert 13 (base 16) to base 14.
15
-111 (base 3) to base 10
-13
Convert 54 (base 12) to base 14.
48
-202 (base 3) to base 15
-15
Convert -35 (base 11) to base 6.
-102
-3 (base 11) to base 4
-3
Convert -8 (base 12) to base 15.
-8
2 (base 7) to base 10
2
What is -13 (base 14) in base 7?
-23
-186 (base 9) to base 16
-9f
-5 (base 13) to base 12
-5
What is -12 (base 3) in base 7?
-5
What is 0 (base 16) in base 10?
0
What is 1 (base 9) in base 7?
1
Convert 97 (base 11) to base 3.
10221
What is -35 (base 11) in base 4?
-212
Convert -2 (base 3) to base 2.
-10
What is -3d (base 16) in base 13?
-49
15 (base 6) to base 5
21
-77 (base 16) to base 12
-9b
-11 (base 8) to base 3
-100
-12 (base 9) to base 15
-b
Convert 2d (base 15) to base 11.
3a
11 (base 2) to base 12
3
-3 (base 10) to base 4
-3
Convert 32 (base 9) to base 4.
131
Convert 4 (base 6) to base 12.
4
131 (base 7) to base 6
155
Convert -10 (base 8) to base 3.
-22
What is a (base 13) in base 15?
a
Convert e (base 15) to base 16.
e
-1010 (base 2) to base 14
-a
What is 112 (base 3) in base 12?
12
What is 2 (base 7) in base 14?
2
Convert -2 (base 7) to base 12.
-2
Convert bf (base 16) to base 15.
cb
What is -1010 (base 3) in base 4?
-132
Convert 21 (base 12) to base 15.
1a
3 (base 13) to base 2
11
Convert -24 (base 9) to base 7.
-31
Convert 12 (base 3) to base 5.
10
What is -302 (base 5) in base 11?
-70
Convert -31 (base 5) to base 2.
-10000
Convert 20121 (base 3) to base 15.
bd
1 (base 16) to base 7
1
-2 (base 12) to base 13
-2
What is a (base 14) in base 5?
20
201 (base 4) to base 12
29
-2022 (base 5) to base 10
-262
-1100 (base 3) to base 14
-28
What is 12 (base 7) in base 9?
10
87 (base 16) to base 4
2013
-3 (base 11) to base 8
-3
-23 (base 11) to base 9
-27
-6 (base 11) to base 4
-12
What is -12 (base 5) in base 2?
-111
What is 20 (base 13) in base 12?
22
What is 52 (base 6) in base 14?
24
-5 (base 11) to base 13
-5
83 (base 12) to base 3
10200
2 (base 8) to base 9
2
What is 5e (base 15) in base 11?
81
Convert 100 (base 2) to base 11.
4
5 (base 7) to base 6
5
1000001 (base 2) to base 13
50
What is -300 (base 4) in base 12?
-40
What is 463 (base 7) in base 15?
111
163 (base 16) to base 4
11203
What is -140 (base 12) in base 6?
-520
What is -120 (base 3) in base 4?
-33
Convert 2 (base 6) to base 3.
2
Convert -15 (base 6) to base 10.
-11
What is -2 (base 8) in base 9?
-2
What is -1 (base 2) in base 7?
-1
Convert -1021 (base 3) to base 6.
-54
What is 100 (base 2) in base 8?
4
Convert 2 (base 11) to base 4.
2
What is 2 (base 4) in base 13?
2
What is 12 (base 10) in base 16?
c
Convert -17 (base 8) to base 10.
-15
133 (base 5) to base 9
47
What is -31 (base 7) in base 2?
-10110
What is 6 (base 8) in base 16?
6
2221 (base 3) to base 6
211
Convert 11222 (base 3) to base 8.
206
2 (base 10) to base 13
2
What is -21 (base 15) in base 16?
-1f
Convert -2 (base 4) to base 7.
-2
Convert 5 (base 11) to base 15.
5
What is 123 (base 5) in base 13?
2c
What is 40 (base 9) in base 15?
26
What is -7 (base 8) in base 2?
-111
-10100 (base 2) to base 7
-26
b (base 15) to base 14
b
Convert -7 (base 8) to base 10.
-7
311 (base 8) to base 11
173
-43 (base 13) to base 15
-3a
-1224 (base 5) to base 6
-513
What is 57 (base 14) in base 9?
85
What is -c (base 14) in base 4?
-30
What is 145 (base 7) in base 6?
214
Convert -124 (base 5) to base 16.
-27
What is -10000 (base 2) in base 3?
-121
Convert -125 (base 8) to base 15.
-5a
101010 (base 2) to base 11
39
-25 (base 6) to base 14
-13
2d (base 16) to base 10
45
Convert -17 (base 9) to base 8.
-20
What is -13 (base 9) in base 15?
-c
100 (base 7) to base 12
41
-2 (base 3) to base 14
-2
41 (base 13) to base 15
38
Convert -10011100 (base 2) to base 16.
-9c
Convert -213 (base 5) to base 16.
-3a
-4 (base 5) to base 14
-4
Convert -56 (base 7) to base 10.
-41
12002 (base 3) to base 6
345
Convert -100 (base 5) to base 4.
-121
-1130 (base 4) to base 3
-10102
-208 (base 12) to base 16
-128
Convert -332 (base 7) to base 13.
-101
-11 (base 5) to base 14
-6
113 (base 4) to base 2
10111
0 (base 12) to base 5
0
Convert -4 (base 16) to base 15.
-4
58 (base 10) to base 13
46
-11 (base 3) to base 4
-10
What is 1154 (base 7) in base 9?
528
Convert -11 (base 7) to base 4.
-20
-133 (base 6) to base 8
-71
Convert -6 (base 8) to base 3.
-20
-2 (base 7) to base 16
-2
Convert 21 (base 13) to base 16.
1b
What is 52 (base 14) in base 9?
80
-11000 (base 2) to base 11
-22
-1 (base 8) to base 4
-1
Convert -1 (base 6) to base 9.
-1
What is -57 (base 8) in base 5?
-142
What is 14 (base 7) in base 11?
10
Convert 48 (base 11) to base 16.
34
Convert 0 (base 4) to base 13.
0
6 (base 8) to base 10
6
3 (base 14) to base 12
3
-21 (base 9) to base 10
-19
Convert 163 (base 8) to base 12.
97
2 (base 11) to base 3
2
What is -305 (base 6) in base 2?
-1110001
Convert -10 (base 4) to base 3.
-11
What is 5 (base 9) in base 11?
5
What is 45 (base 10) in base 6?
113
What is 11310 (base 4) in base 7?
1041
What is -1111100 (base 2) in base 5?
-444
-22 (base 4) to base 5
-20
What is 20 (base 3) in base 8?
6
-10 (base 11) to base 13
-b
112 (base 4) to base 8
26
-123 (base 5) to base 14
-2a
What is -1 (base 9) in base 11?
-1
What is 0 (base 16) in base 5?
0
-14 (base 9) to base 13
-10
Convert -110 (base 3) to base 15.
-c
Convert 3 (base 15) to base 11.
3
Convert 504 (base 7) to base 16.
f9
Convert 6 (base 12) to base 3.
20
46 (base 14) to base 3
2022
Convert -4 (base 8) to base 5.
-4
Convert 1 (base 6) to base 12.
1
-5 (base 16) to base 3
-12
5 (base 8) to base 14
5
Convert -10110 (base 3) to base 6.
-233
-22 (base 15) to base 16
-20
Convert -98 (base 11) to base 4.
-1223
What is -25 (base 7) in base 5?
-34
Convert -13 (base 10) to base 9.
-14
86 (base 11) to base 6
234
22 (base 4) to base 10
10
What is 11 (base 2) in base 9?
3
What is -15 (base 15) in base 3?
-202
Convert -